e highest common divisor of 101 and 15251.
101
What is the greatest common divisor of 39376 and 736?
368
What is the highest common factor of 1178 and 124?
62
What is the greatest common divisor of 540 and 1836?
108
What is the greatest common factor of 250 and 20?
10
Calculate the greatest common divisor of 239 and 4063.
239
What is the greatest common factor of 39187 and 298?
149
What is the highest common divisor of 200 and 125?
25
What is the highest common divisor of 49 and 203?
7
Calculate the highest common divisor of 12 and 5268.
12
What is the highest common factor of 630 and 6?
6
What is the highest common divisor of 784 and 48?
16
What is the highest common divisor of 533 and 13?
13
What is the highest common factor of 51 and 3264?
51
Calculate the highest common factor of 384 and 36.
12
Calculate the highest common divisor of 20 and 1.
1
Calculate the highest common divisor of 151 and 25.
1
What is the highest common divisor of 72 and 288?
72
What is the greatest common factor of 66 and 1023?
33
Calculate the greatest common divisor of 2649 and 9.
3
Calculate the greatest common factor of 7252 and 441.
49
What is the highest common factor of 5038 and 22?
22
What is the highest common divisor of 498 and 20750?
166
What is the greatest common factor of 836 and 684?
76
What is the highest common factor of 80 and 40?
40
What is the greatest common factor of 87 and 6815?
29
What is the greatest common divisor of 282 and 4888?
94
Calculate the greatest common divisor of 49 and 35.
7
What is the greatest common divisor of 532 and 196?
28
Calculate the greatest common divisor of 6684 and 24.
12
Calculate the highest common divisor of 53 and 265.
53
Calculate the greatest common divisor of 264 and 957.
33
Calculate the greatest common factor of 18 and 138.
6
What is the greatest common factor of 1400 and 24?
8
What is the highest common factor of 17100 and 144?
36
What is the highest common divisor of 22548 and 12?
12
Calculate the highest common factor of 445 and 712.
89
Calculate the greatest common divisor of 2 and 88.
2
Calculate the highest common divisor of 28121 and 183.
61
Calculate the highest common divisor of 1972 and 3828.
116
Calculate the greatest common divisor of 136 and 34.
34
Calculate the greatest common divisor of 54714 and 22.
22
Calculate the greatest common factor of 175 and 775.
25
Calculate the highest common divisor of 464 and 944.
16
What is the highest common divisor of 360 and 216?
72
Calculate the greatest common divisor of 30 and 465.
15
Calculate the greatest common factor of 78 and 207.
3
Calculate the greatest common factor of 30 and 690.
30
What is the highest common divisor of 62 and 62?
62
What is the highest common divisor of 100 and 1220?
20
Calculate the highest common factor of 138 and 4.
2
What is the highest common factor of 731 and 473?
43
Calculate the greatest common divisor of 135 and 240.
15
What is the greatest common divisor of 6720 and 160?
160
What is the highest common divisor of 5 and 10?
5
Calculate the greatest common divisor of 2044 and 28.
28
What is the greatest common factor of 2048 and 16?
16
Calculate the greatest common divisor of 189 and 135.
27
Calculate the highest common divisor of 126 and 3213.
63
What is the highest common factor of 105 and 21?
21
What is the greatest common factor of 50 and 5110?
10
What is the greatest common divisor of 56 and 6524?
28
Calculate the greatest common divisor of 280 and 14945.
35
Calculate the greatest common divisor of 58 and 986.
58
What is the highest common divisor of 37390 and 10?
10
Calculate the greatest common factor of 212 and 4.
4
Calculate the highest common factor of 55 and 310.
5
Calculate the greatest common factor of 102 and 51.
51
Calculate the greatest common factor of 1457 and 899.
31
What is the greatest common factor of 160 and 1952?
32
What is the highest common divisor of 17 and 4811?
17
Calculate the highest common factor of 50 and 300.
50
Calculate the greatest common factor of 2170 and 30.
10
Calculate the greatest common factor of 9 and 2088.
9
Calculate the highest common divisor of 9229 and 22.
11
What is the highest common divisor of 5320 and 12?
4
What is the highest common divisor of 6071 and 338?
13
Calculate the highest common divisor of 319 and 11.
11
Calculate the greatest common divisor of 459 and 34.
17
What is the highest common factor of 254 and 25273?
127
What is the greatest common divisor of 132 and 330?
66
Calculate the greatest common factor of 50 and 25425.
25
Calculate the greatest common divisor of 532 and 28.
28
Calculate the greatest common divisor of 16 and 144.
16
What is the greatest common divisor of 6853 and 178?
89
Calculate the greatest common divisor of 630 and 54.
18
What is the greatest common divisor of 438 and 186?
6
Calculate the highest common divisor of 94 and 423.
47
What is the highest common divisor of 7532 and 56?
28
What is the highest common factor of 24 and 136?
8
Calculate the greatest common divisor of 27 and 459.
27
Calculate the highest common factor of 41 and 6437.
41
What is the highest common divisor of 182 and 14?
14
Calculate the greatest common divisor of 54 and 2322.
54
Calculate the greatest common divisor of 2697 and 3828.
87
What is the highest common divisor of 20 and 80?
20
Calculate the greatest common divisor of 165 and 75.
15
What is the highest common divisor of 266 and 6118?
266
What is the highest common divisor of 6504 and 54?
6
Calculate the highest common divisor of 339 and 452.
113
Calculate the greatest common factor of 284 and 20.
4
What is the highest common factor of 22 and 4334?
22
What is the greatest common factor of 189 and 231?
21
What is the greatest common factor of 44 and 33?
11
What is the greatest common divisor of 129 and 32895?
129
Calculate the highest common factor of 875 and 35.
35
What is the highest common divisor of 85 and 10?
5
Calculate the highest common divisor of 90 and 150.
30
Calculate the greatest common factor of 52 and 507.
13
Calculate the highest common divisor of 47 and 188.
47
Calculate the highest common divisor of 319 and 667.
29
Calculate the greatest common divisor of 201 and 153.
3
Calculate the highest common factor of 18 and 6660.
18
What is the highest common factor of 149785 and 145?
145
What is the highest common divisor of 246 and 410?
82
What is the highest common divisor of 3247 and 17?
17
What is the greatest common divisor of 20 and 340?
20
Calculate the greatest common divisor of 41 and 164.
41
What is the highest common divisor of 4830 and 23?
23
Calculate the greatest common divisor of 738 and 18.
18
Calculate the highest common divisor of 1 and 547.
1
What is the highest common factor of 1 and 159?
1
Calculate the greatest common divisor of 801 and 89.
89
Calculate the highest common divisor of 1206 and 18.
18
What is the highest common factor of 140 and 1295?
35
What is the highest common divisor of 25 and 73525?
25
What is the highest common divisor of 141 and 15?
3
What is the greatest common divisor of 21 and 231?
21
Calculate the greatest common divisor of 358 and 54.
2
Calculate the greatest common factor of 3568 and 669.
223
Calculate the greatest common divisor of 4380 and 36.
12
What is the highest common factor of 742 and 106?
106
Calculate the highest common factor of 170 and 980.
10
Calculate the greatest common divisor of 28 and 252.
28
What is the greatest common divisor of 1482 and 78?
78
Calculate the greatest common divisor of 9 and 459.
9
What is the highest common divisor of 2783 and 23?
23
Calculate the highest common divisor of 27661 and 139.
139
Calculate the greatest common divisor of 6902 and 34.
34
Calculate the greatest common divisor of 12 and 40.
4
What is the greatest common divisor of 370 and 814?
74
Calculate the greatest common divisor of 845 and 520.
65
Calculate the greatest common divisor of 1173 and 153.
51
What is the greatest common divisor of 48 and 132?
12
Calculate the greatest common factor of 1554 and 74.
74
Calculate the greatest common factor of 150 and 31125.
75
Calculate the highest common divisor of 31 and 45601.
31
What is the greatest common factor of 517 and 376?
47
Calculate the highest common divisor of 2613 and 156.
39
What is the hi